269757 a composite number?
False
Is 1261700107 a composite number?
True
Is 4034520617 prime?
False
Is 80841500903 a prime number?
False
Is 258456111 composite?
True
Is 20005561057 prime?
False
Is 54089436173 a composite number?
False
Is 54886785827 prime?
True
Is 2341975357 a prime number?
True
Is 18559175603 prime?
True
Is 3095185133 a composite number?
False
Is 49249184609 composite?
False
Is 78160081 prime?
True
Is 760460159 a composite number?
False
Is 518987701 composite?
False
Is 1375804777 prime?
False
Is 94511881 a prime number?
True
Is 34400952673 a composite number?
True
Is 202564146203 a prime number?
False
Is 4701115283 a composite number?
False
Is 409928873 prime?
False
Is 1917154391 composite?
True
Is 1106997263 prime?
False
Is 2885729045 a composite number?
True
Is 147172946041 prime?
False
Is 24579935585 composite?
True
Is 212392871 composite?
False
Is 21963497207 a composite number?
True
Is 371968777 prime?
True
Is 2863324129 a composite number?
False
Is 781819039 a composite number?
True
Is 3099095369 composite?
False
Is 3155934101 composite?
True
Is 457904939 a composite number?
False
Is 59626179779 a composite number?
True
Is 34172137421 prime?
True
Is 567213767 a composite number?
True
Is 1648924439 a composite number?
True
Is 176796623 a composite number?
False
Is 340999877 prime?
True
Is 1136036153 prime?
False
Is 1174714793 a prime number?
False
Is 14723693521 a composite number?
True
Is 154709833 a prime number?
True
Is 191803019 a prime number?
True
Is 1395895297 composite?
False
Is 386520373 a prime number?
True
Is 120239932259 a composite number?
False
Is 201184402817 a prime number?
False
Is 109755971 composite?
True
Is 15452860121 prime?
False
Is 2525502827 composite?
False
Is 27125018023 composite?
False
Is 837878407 prime?
True
Is 8390518141 prime?
True
Is 1835223713 a composite number?
False
Is 7428654023 composite?
True
Is 207768017 composite?
False
Is 3146374351 composite?
True
Is 11338174333 composite?
False
Is 5255111123 a composite number?
False
Is 16327625005 prime?
False
Is 2274073427 prime?
False
Is 3826500191 a composite number?
False
Is 14800202987 a composite number?
False
Is 10057987289 a prime number?
False
Is 3103763473 a prime number?
True
Is 561511073 composite?
False
Is 25158648037 prime?
True
Is 669410323 a prime number?
True
Is 534242507 prime?
True
Is 39975336707 a composite number?
False
Is 7397479801 a prime number?
True
Is 37538714797 a prime number?
True
Is 106326953 prime?
False
Is 4918449451 composite?
False
Is 7384391869 a composite number?
True
Is 3179484817 prime?
False
Is 144543708943 composite?
False
Is 7106377933 a prime number?
False
Is 32326244383 prime?
True
Is 45684671 a prime number?
True
Is 176761189583 a prime number?
False
Is 208394689 prime?
True
Is 47251865 a composite number?
True
Is 7525424567 prime?
False
Is 106215364469 a composite number?
False
Is 217506906109 a prime number?
True
Is 221166863231 composite?
False
Is 330379067 composite?
False
Is 5411800369 composite?
False
Is 4228148809 prime?
False
Is 11840377609 a composite number?
False
Is 71395653737 prime?
False
Is 1300032869 prime?
False
Is 1363880813 composite?
True
Is 53875745879 a composite number?
True
Is 889910251 a composite number?
True
Is 40932299 a prime number?
True
Is 31035491729 a composite number?
True
Is 1130676047 composite?
True
Is 12241300121 a composite number?
False
Is 7007613289 prime?
False
Is 28850490707 composite?
False
Is 5204477063 a composite number?
False
Is 367190539 a prime number?
False
Is 1347064937 a composite number?
True
Is 70093421779 prime?
False
Is 367409129 a composite number?
True
Is 2727815879 prime?
False
Is 13039483 a prime number?
True
Is 2129985421 a prime number?
True
Is 293185987 a composite number?
False
Is 22647316501 prime?
True
Is 9974174551 composite?
True
Is 35572097029 composite?
True
Is 7330891331 a prime number?
False
Is 12247731239 a prime number?
False
Is 80412759851 composite?
False
Is 5647743373 a prime number?
True
Is 1103814911 prime?
True
Is 3868736635 a prime number?
False
Is 24493501807 a composite number?
False
Is 2281009453 prime?
False
Is 899606137 composite?
False
Is 42245617 a prime number?
True
Is 71570158757 a composite number?
False
Is 13239351583 a composite number?
False
Is 545332111 composite?
False
Is 3301899011 a prime number?
False
Is 23136014129 a prime number?
True
Is 150648749 prime?
True
Is 1803470729 a prime number?
False
Is 9385729555 prime?
False
Is 253639429 a prime number?
False
Is 1231321765 a composite number?
True
Is 404338547 prime?
True
Is 3412439941 prime?
True
Is 4499688269 a prime number?
False
Is 1004099617 a composite number?
False
Is 111588505643 a composite number?
False
Is 254079803 composite?
False
Is 14253669181 a prime number?
False
Is 3732480205 composite?
True
Is 1549839611 a composite number?
False
Is 1937650007 prime?
False
Is 71338316891 composite?
True
Is 51642757507 a composite number?
True
Is 9302682839 a composite number?
False
Is 393623891 composite?
True
Is 51720145199 prime?
True
Is 24348942953 prime?
False
Is 144861619871 prime?
True
Is 1041949111 prime?
False
Is 1430961479 a composite number?
False
Is 81835051 a composite number?
True
Is 930192071 composite?
False
Is 30706432151 a composite number?
False
Is 70048703797 a prime number?
True
Is 98221856383 a composite number?
True
Is 14754917407 prime?
True
Is 17312482741 composite?
True
Is 1132193087 a composite number?
True
Is 2235006239 prime?
True
Is 8678648957 a composite number?
True
Is 352174397 a composite number?
True
Is 71061773233 a prime number?
False
Is 66161838581 prime?
False
Is 221228159 a prime number?
False
Is 110678005457 prime?
False
Is 37257301 composite?
True
Is 1546140797 a composite number?
False
Is 456817819 prime?
False
Is 255790001 a composite number?
False
Is 9737408531 composite?
False
Is 565020205 composite?
True
Is 1120071083 a prime number?
True
Is 16370531953 a prime number?
True
Is 120302737 a composite number?
True
Is 6690106961 a composite number?
False
Is 106498291 a prime number?
True
Is 404191747 a composite number?
True
Is 4718417293 a prime number?
True
Is 20542111399 prime?
False
Is 8609596717 a prime number?
True
Is 35481773 composite?
False
Is 7647455647 prime?
False
Is 125945653439 prime?
True
Is 229547147 prime?
True
Is 11102209361 composite?
False
Is 4753869569 a prime number?
True
Is 2043290069 a prime number?
False
Is 1986738101 a prime number?
True
Is 155656609 a prime number?
False
Is 37694088583 prime?
True
Is 10917075539 prime?
True
Is 20044003363 a prime number?
False
Is 14259663443 composite?
False
Is 2429467349 composite?
True
Is 500805451 composite?
False
Is 229175809 prime?
True
Is 56377842701 composite?
True
Is 502541123 a composite number?
True
Is 1100871154 composite?
True
Is 2612584213 a composite number?
False
Is 14131394257 composite?
False
Is 14790809101 prime?
True
Is 171020242157 a composite number?
False
Is 1123943663 prime?
False
Is 684040241 prime?
False
Is 6692547653 a prime number?
False
Is 5039450177 a prime number?
True
Is 54877496977 composite?
False
Is 4055598185 composite?
True
Is 193427269547 a composite number?
True
Is 2962015997 a prime number?
True
Is 320678407 a prime number?
False
Is 73479020239 prime?
True
Is 290773303 a prime number?
True
Is 8139634453 prime?
True
Is 1829886971 a composite number?
True
Is 100536229 prime?
True
Is 10086371897 composite?
True
Is 90577254031 prime?
False
Is 126719833 a composite number?
False
Is 1939461829 prime?
False
Is 236861083531 a prime number?
True
Is 2703436861 composite?
True
Is 19657369661 composite?
True
Is 829274113 prime?
True
Is 28126117 prime?
True
Is 25378164727 prime?
True
Is 264391283 composite?
True
Is 75911497 prime?
False
Is 24350219678 a composite number?
True
Is 51938703809 prime?
True
Is 3291384659 a prime number?
True
Is 830765939 prime?
True
Is 173398803239 a prime number?
False
Is 2470640173 a prime number?
True
Is 1160339189 a composite number?
False
Is 14147308631 a prime number?
False
Is 227401493017 composite?
False
Is 6635948541 composite?
True
Is 22521690757 a composite number?
False
Is 212448908534 a composite number?
True
Is 5630519569 prime?
True
Is 1906690249 a prime number?
True
Is 10065096